*2 + 2*y - 3. Give u(5).
7
Let f(x) = 10*x - 68. Calculate f(8).
12
Let a(f) = -f**3 - 6*f**2 + 18*f + 15. Calculate a(-8).
-1
Let v(z) = 4*z - 13. Determine v(0).
-13
Let y(h) = -h**2 + 8*h - 21. Give y(5).
-6
Let g(o) = -o**3 - 15*o**2 + 35*o + 13. Determine g(-17).
-4
Let m(n) = -n**3 + 8*n**2 + 5*n + 5. Determine m(5).
105
Let n(v) = 5*v + 3. What is n(-3)?
-12
Let b(a) = -a - 3. Give b(-7).
4
Let k(v) = v**3 - 16*v**2 - 13*v - 19. Calculate k(17).
49
Let b(u) = -u**3 + 10*u**2 + 57*u - 3. Calculate b(14).
11
Let r(v) = -v - 51. What is r(0)?
-51
Let o(h) = h**2 + 26*h + 105. Calculate o(-21).
0
Let s(x) = x**2 + 9*x + 39. Calculate s(-14).
109
Let k(f) = 8*f**3 - f**2 + 3*f + 2. What is k(-1)?
-10
Let f(m) = m**2 + 4*m - 7. What is f(-4)?
-7
Let w(a) = a**3 - 6*a**2 + 8*a - 20. Give w(6).
28
Let i(g) = -7*g + 118. What is i(16)?
6
Let j(r) = r**3 + 6*r**2 - 9*r - 3. Determine j(-8).
-59
Let y(h) = -h**2 + 11*h + 87. Give y(16).
7
Let b(o) = -o**2 - 4*o + 14. Determine b(-5).
9
Let p(t) = t**2 - 31*t + 197. Calculate p(22).
-1
Let h(w) = w**3 + 23*w**2 + 14*w + 14. What is h(-22)?
190
Let p(t) = 11*t**2 + t. Give p(-2).
42
Let q(x) = -2*x - 10. Calculate q(11).
-32
Let i(a) = 37*a + 7. What is i(-4)?
-141
Let r(f) = 13*f**3 - f**2 - 2*f - 2. Give r(-1).
-14
Let q(z) = 5*z - 55. What is q(9)?
-10
Let z(g) = -5*g**2 + 2. Give z(-2).
-18
Let z(i) = -6*i - 33. What is z(-7)?
9
Let d(b) = b + 2. What is d(-9)?
-7
Let w(l) = l**3 + 25*l**2 + l + 21. What is w(-25)?
-4
Let j(m) = -m**2 - 15*m - 24. Calculate j(-12).
12
Let t(f) = -27*f**3 + f**2 + f - 2. Determine t(1).
-27
Let x(w) = 3*w**2 + 37*w + 12. Determine x(-12).
0
Let h(i) = -22*i - 2. Calculate h(-4).
86
Let m(z) = -17*z + 3. Give m(-2).
37
Let d(y) = -y**3 - 2*y**2 + 3*y - 1. Calculate d(-3).
-1
Let w(r) = 3*r**2 - 3*r - 11. What is w(6)?
79
Let g(s) = -s**3 - 6*s**2 + 4*s - 7. What is g(-6)?
-31
Let r(x) = -4*x**2 - 2*x + 6. What is r(1)?
0
Let k(g) = 52*g - 628. What is k(12)?
-4
Let f(y) = y**3 + 16*y**2 - 39*y - 36. Determine f(-18).
18
Let i(y) = y**2 - 10*y + 23. What is i(6)?
-1
Let r(k) = -k**3 - 15*k**2 - 56*k + 2. What is r(-9)?
20
Let o(z) = -2*z**2 + z + 40. Determine o(-5).
-15
Let u(k) = -15*k + 53. Give u(3).
8
Let w(v) = -21*v**3. What is w(-1)?
21
Let q(s) = s**2 + 17*s - 104. What is q(4)?
-20
Let u(p) = p**2 - p - 45. Determine u(-13).
137
Let u(l) = -l**3 - 20*l**2 - 3*l - 46. Calculate u(-20).
14
Let n(d) = d**2 - 24*d + 127. Give n(16).
-1
Let s(a) = a**2 + 2*a - 42. Give s(5).
-7
Let d(h) = -2*h - 9. Give d(-5).
1
Let j(k) = k**2 + 5*k - 26. What is j(-6)?
-20
Let z(o) = -5*o + 42. What is z(16)?
-38
Let v(i) = 2*i + 12. Determine v(-4).
4
Let n(w) = -w**3 + 17*w**2 - 69*w + 94. Determine n(12).
-14
Let v(n) = n**2 + 3*n + 11. What is v(-6)?
29
Let m(g) = g**2 + 32*g - 24. What is m(-33)?
9
Let d(v) = -2*v**2 + 21*v - 54. Give d(6).
0
Let k(t) = 76*t. What is k(-1)?
-76
Let x(y) = -4*y**2 + 4*y - 2. Determine x(2).
-10
Let u(m) = -m**3 + 8*m**2 + 7*m + 6. What is u(9)?
-12
Let j(y) = -2*y - 4. Calculate j(4).
-12
Let c(q) = 2*q**3 + 3*q**2 + 2*q - 1. What is c(-2)?
-9
Let b(o) = 2*o**2 - 6*o + 7. Calculate b(1).
3
Let r(v) = -v - 1. Give r(-3).
2
Let q(y) = -y - 2. Determine q(0).
-2
Let m(q) = -q**3 - 3*q**2 + 4*q + 2. What is m(2)?
-10
Let j(f) = f**3 - 8*f**2 - 11*f + 5. What is j(5)?
-125
Let m(j) = -j**2 - 9*j - 5. Give m(-9).
-5
Let t(k) = k**3 + 8*k**2 - 2*k - 18. Give t(-8).
-2
Let v(q) = -q**3 + 6*q**2 - 10*q + 17. What is v(5)?
-8
Let i(d) = 10*d - 7. Give i(-5).
-57
Let h(q) = 2*q**2 + 7*q - 12. Give h(-5).
3
Let y(b) = 7*b**2 + 2*b + 2. Give y(1).
11
Let j(d) = d**3 + 27*d**2 + 2*d + 42. Determine j(-27).
-12
Let o(w) = -w**3 + 10*w**2 - 8*w + 3. Give o(9).
12
Let r(y) = -4*y**3 - 9*y**2 - 8*y. Determine r(-1).
3
Let v(j) = j - 28. What is v(29)?
1
Let v(f) = f**3 + 5*f**2 - 9*f + 14. What is v(-7)?
-21
Let b(a) = -a + 5. Give b(5).
0
Let n(z) = 3*z**3 - z**2 - 3*z + 3. Determine n(2).
17
Let u(k) = -k**2 + 12. Calculate u(-5).
-13
Let t(b) = -4*b**2 - 59*b - 4. Give t(-14).
38
Let z(i) = -98*i + 501. Calculate z(5).
11
Let w(x) = 5*x**3 - 1. Calculate w(1).
4
Let p(z) = -z. Determine p(-10).
10
Let i(z) = -z**2 - z. Give i(3).
-12
Let p(t) = 32*t. Determine p(-1).
-32
Let k(y) = -18*y**2 + 58*y - 4. Determine k(3).
8
Let a(x) = 13*x + 57. Give a(-7).
-34
Let l(f) = -3*f + 57. Calculate l(13).
18
Let b(c) = -c**2 - 5*c - 12. Determine b(-4).
-8
Let z(v) = 6*v + 321. Determine z(-53).
3
Let m(s) = s**3 + 5*s**2 + 3*s - 6. Calculate m(-5).
-21
Let o(p) = -2*p**2 - 38*p + 6. Calculate o(-19).
6
Let z(l) = -l**3 + 6*l**2 + 4*l - 1. Calculate z(5).
44
Let v(l) = -10*l + 3. Calculate v(-6).
63
Let g(k) = 9*k**2 - 137*k + 20. Give g(15).
-10
Let l(s) = 2*s - 3. Give l(-7).
-17
Let m(i) = -i**3 - 4*i**2 + 14*i - 13. What is m(-7)?
36
Let d(n) = -2*n**3 - 13*n**2 - 8*n - 14. What is d(-6)?
-2
Let j(a) = -a**2 + 53*a + 165. What is j(56)?
-3
Let i(t) = 15*t - 275. Calculate i(19).
10
Let u(k) = k**3 + 5*k**2 + 6*k + 29. Calculate u(-4).
21
Let k(q) = 6*q**2 + 4*q - 4. Give k(-4).
76
Let h(d) = d**3 - 12*d**2 - 29*d + 10. What is h(14)?
-4
Let k(c) = c**3 + 9*c**2 + 21*c + 6. Determine k(-6).
-12
Let p(y) = -y**3 - 20*y**2 + 49*y + 142. Calculate p(-22).
32
Let d(m) = m**3 - 3*m**2 - 5*m + 6. Determine d(4).
2
Let o(f) = f**2 - 8*f - 48. What is o(12)?
0
Let k(m) = -25*m - 1. Determine k(-1).
24
Let b(y) = 26*y + 549. What is b(-21)?
3
Let k(q) = -q**2 - 5*q + 17. Give k(-9).
-19
Let p(c) = -5*c + 28. Calculate p(7).
-7
Let g(t) = -t**2 - 10*t + 10. What is g(-11)?
-1
Let g(x) = -x**3 - 7*x**2 + x - 2. Calculate g(-7).
-9
Let u(p) = -p**3 - 11*p**2 + 13*p + 8. Calculate u(-12).
-4
Let z(c) = 3*c + 31. Determine z(-13).
-8
Let p(a) = -a**3 + 6*a**2 - 6*a - 1. What is p(5)?
-6
Let x(q) = -5*q**2 + 3*q - 3. Calculate x(1).
-5
Let g(y) = y + 7. Give g(-9).
-2
Let s(f) = -f - 3. Calculate s(-3).
0
Let n(c) = -c**2 + 19*c - 47. Determine n(12).
37
Let y(p) = -9*p**3 + p**2 + 2*p + 1. What is y(-1)?
9
Let y(c) = -2*c**3 - 2*c**2 - 1. Give y(2).
-25
Let g(r) = r**2 - 40*r - 159. Determine g(44).
17
Let u(f) = -f**3 + 5*f**2. Calculate u(4).
16
Let z(p) = -p**2 + 18*p + 131. Determine z(23).
16
Let l(h) = 4*h + 11. What is l(-5)?
-9
Let s(l) = -l**2 + 16*l - 27. Give s(11).
28
Let c(j) = 7*j + 1. What is c(-2)?
-13
Let w(s) = -s + 9. What is w(7)?
2
Let l(n) = n**2 + 9*n + 7. Calculate l(-5).
-13
Let n(c) = c**2 + 16*c - 9. Determine n(-17).
8
Let x(d) = -2*d**2 + 7*d - 4. Calculate x(4).
-8
Let v(u) = -u - 17. Give v(-11).
-6
Let d(x) = x**3 - 12*x**2 + 33*x - 16. What is d(8)?
-8
Let w(d) = 3*d**3 + 22*d**2 + 38*d + 2. Give w(-3).
5
Let y(l) = 4*l + 12. What is y(-3)?
0
Let y(f) = -21*f - 9. Give y(-1).
12
Let p(u) = -u**2 - 5*u - 2. Calculate p(-4).
2
Let o(i) = -2*i**2 + 3*i + 1. Determine o(-2).
-13
Let d(o) = -10*o + 91. What is d(9)?
1
Let x(q) = 62*q + 3. What is x(-1)?
-59
Let n(h) = h**3 + 18*h**2 + 16*h - 18. Give n(-17).
-1
Let w(h) = 9*h - 41. Calculate w(4).
-5
Let y(c) = -c**2 + 31*c - 28. Give y(30).
2
Let r(z) = -29*z - 131. Calculate r(-4).
-15
Let d(m) = -m**3 - 37*m**2 + 3*m + 122. Determine d(-37).
11
Let z(h) = 2*h + 31. Calculate z(12).
55
Let n(d) = d**2 + 23*d + 22. Give n(-17).
-80
Let u(d) = -d**3 + 19*d**2 + 43*d - 24. Give u(21).
-3
Let g(l) = -5*l**3 + 6*l**2 + 4*l + 2. What is g(-2)?
58
Let x(i) = 2*i**2 - 2*i - 69. Give x(0).
-69
Let z(g) = g**3 + 10*g**2 - 3*g - 23. What is z(-10)?
7
Let h(v) = 8*v + 60. Determine h(-7).
4
Let l(q) = -9*q + 8. What is l(2)?
-10
Let z(r) = -r - 18. Calculate z(-8).
-10
Let c(f) = f**3 + 11*f**2 + 3*f - 13. Calculate c(-11).
-46
Let t(d) = -110*d - 4. Give t(0).
-4
Let t(h) = -h - 7. Determine t(-2).
-5
Let s(u) = 9*u + 165. Give s(-23).
-42
Let a(h) = h**2 + h + 16. Determine a(0).
16
Let v(r) = 3*r - 39. Calculate v(16).
9
Let g(b) = b**3 - b. Calculate g(-2).
-6
Let q(v) = v**3 - v**2 - 18. What is q(0)?
-18
Let k(z) = -2*z**2 + z + 4. What is k(3)?
-11
Let c(a) = a**3 - 22*a**2 + 38*a + 19. Determine c(20).
-21
Let c(k) = -k**3 + 4*k**2 - 9*k. Calculate c(6).
-126
Let g(r) = r**3 - 5*r**2 - 23*r - 4. Determine g(-3).
-7
Let h(n) = n**3 + 5*n**2 - 3*n + 19. What is h(-6)?
1
Let r(o) = -o**3 + 7*o**